. Let h(g) = -g**3 + 6*g**2 - 5*g + 5. What is h(o)?
17
Let n(b) = -30*b - 21*b + 4 + 54*b. Let t be ((-4)/10)/(2/10). Let i be (t - -3) + (-1 - -3). Give n(i).
13
Let a be (-10)/(-6) + -2 + (-19)/(-3). Let g be (2/a)/(9/(-81)). Let h(u) = u**2 + 2*u + 4. Give h(g).
7
Let m(n) = -n**3 - 7*n**2 + 4*n - 1. Let f = 999 + -1006. Give m(f).
-29
Let z = 143 - 136. Let j(v) = 2*v**3 + 20*v**2 + 15*v - 1. Let o(l) = l**3 + 9*l**2 + 7*l. Let a(t) = z*o(t) - 3*j(t). Calculate a(-2).
-1
Let y = 68 - 66. Let m(i) = 2*i**3 + 6 + 5*i**y + 2*i**3 - 3*i**3 + 4*i. Determine m(-4).
6
Let u(m) be the second derivative of m**4/12 + 7*m**3/6 - 11*m**2/2 + 145*m. Give u(-8).
-3
Let m(u) = -u**3 - 20*u**2 - 18*u + 19. Let q(o) = -o**3 - 5*o**2 - 3*o - 15. Let r be q(-4). Give m(r).
0
Let g(d) = -8263*d - 6 + d**2 + 17 + 16519*d - 8264*d. Determine g(8).
11
Let p(n) = -7*n - 6. Suppose -85*j - 130 = -111*j. Determine p(j).
-41
Let c(l) be the second derivative of -l**6/360 + 3*l**5/40 - l**4/6 - 19*l**3/6 + 18*l. Let n(b) be the second derivative of c(b). Determine n(8).
4
Let m(p) be the third derivative of -p**5/60 - 5*p**4/12 - 2*p**3/3 - p**2 - 4*p. Calculate m(-7).
17
Let b(v) = -3 + 11*v - 3 - 16*v + 3 + 8*v. Give b(3).
6
Let h be 4/6*(-30)/(-5). Let n(l) = l**2 - 8. Let z(y) = -y**2 - y + 8. Let p(o) = h*n(o) + 5*z(o). What is p(-8)?
-16
Let z(b) = -b**3 - 4*b**2 + 3*b + 5. Let x be (4/3 - 2)/(4/(-654)). Let d = 105 - x. Determine z(d).
-7
Let i(r) be the first derivative of -r**4/4 - r**3/3 - r**2/2 - 18*r - 201. Determine i(0).
-18
Suppose 0 = 5*t + 3*x - 49, 0 = 9*t - 14*t + 4*x + 63. Let v(g) = 2*g - 27. Give v(t).
-5
Let j(m) = 4*m. Let i = 34 - 15. Let w = i + -9. Suppose -5*f + 0 = w. What is j(f)?
-8
Let n(h) be the second derivative of h**8/3360 + h**7/630 - h**6/720 + h**5/120 + h**4/2 + 5*h. Let f(l) be the third derivative of n(l). Calculate f(-3).
-14
Let a be (-12)/66 - (-119)/(-11). Let b(x) = 16*x**2 + 24*x + 6. Let j(m) = -3*m**2 - 5*m - 1. Let g(p) = a*j(p) - 2*b(p). What is g(-5)?
-11
Let b be ((-3)/(-9) - 0) + (-4)/12. Let j(x) = 7*x - 2. Let y(c) = 9*c - 1. Let q(k) = -5*j(k) + 4*y(k). Determine q(b).
6
Let o = 1 - 13. Let n be ((-2)/3)/(o/90). Let z be 45/(-25) + 4/n. Let p(j) = 16*j**3 - j**2 + 1. Give p(z).
-16
Suppose 3*s + 4*o - 5 = 0, -4*o + 7*o - 9 = -4*s. Let z(m) = -m**3 - m**2 - 3. What is z(s)?
-39
Let j be 6*(0 - 2/3). Suppose u - 5*u + 35 = x, -2*x = -3*u + 18. Let w(k) = 6*k + 9*k**2 + 0 - u*k**2 + 1 + 1. Give w(j).
-6
Suppose -5*a + 4*m + 1 + 4 = 0, 0 = 3*m - 15. Let g(t) = t**3 - 5*t**2 - 2*t + 3. Determine g(a).
-7
Let r be (-2)/(-1)*(10 - 15/2). Let v(k) = 3*k - 21. Calculate v(r).
-6
Suppose -h - 4 = 0, 2*d - 32 = -d - 4*h. Let m(b) = b**3 - 16*b**2 - b + 1. What is m(d)?
-15
Let i(f) = -3*f + 3. Let j be i(-5). Let s = j + -17. Let q(l) = 3*l. Determine q(s).
3
Let x(p) = 0 + 0 + 2 - p - 3. Suppose -w + 17 = 3*a - 6*a, -w - 2*a = 3. Suppose c - 3*g + 4*g + 4 = 0, 4*g = w*c + 38. Calculate x(c).
5
Suppose o = 5*o. Suppose 0*u + 4 = -5*i - u, -i + u + 4 = o. Let r(y) = y**2 - 8. Determine r(i).
-8
Let j(i) = -2*i**3 + 9*i**2 + 10 + 5*i - i + 2*i + i**3 - 4*i. Determine j(9).
28
Let r(c) = -11*c + 2. Let h(f) = -9*f. Let q(y) = -3*h(y) + 2*r(y). What is q(-5)?
-21
Let c be (-60)/(-10) - 4 - (-2 - -1). Suppose 15*b = 18*b - 12, c*x + 4*b = 10. Let y(z) = -6*z - 1 + 5*z - 5*z. Determine y(x).
11
Let m(u) be the first derivative of u**4/2 + u**3 - 2*u**2 - u + 215. Calculate m(-3).
-16
Let r(a) = a**2 - a. Let c(s) = 6*s**2 - 8*s - 5. Let k(v) = c(v) - 5*r(v). Let t be -10 - -10 - (2 + -7). What is k(t)?
5
Let r be 14/(-2 + 2 + -2). Let q(i) = 8*i**2 + 6*i + i**3 + 31 - 23 + 0*i**3. Calculate q(r).
15
Suppose -4*b - 8 = -3*q, 5*q + b + 21 = -4. Let w(s) = 9*s + 3. Calculate w(q).
-33
Let j(k) be the third derivative of k**6/120 + k**5/15 + 5*k**4/24 + 4*k**3/3 - k**2 + 81. Determine j(-3).
2
Let v(l) be the first derivative of -l**3/3 + l**2 - 2*l - 75. Determine v(3).
-5
Let d(c) = 7*c + 2. Let o(r) = -41*r - 11. Let p(b) = 6*d(b) + o(b). Let n be (-4)/20 - (-58)/(-10). What is p(n)?
-5
Let p be (-3)/(-2) + 52/8. Let j(b) = -3*b + 17*b + p - 13*b. Calculate j(-7).
1
Let t(a) = 9*a**2 + a. Let m be t(-1). Suppose -12 = -4*f + m*f. Let x(v) = -1 - v + 0*v - 3*v. What is x(f)?
11
Let x be (-36)/24*(-8)/3. Suppose -25 + 5 = x*b. Let l(r) = r + 4. Calculate l(b).
-1
Let v(l) = -l**3 - 6*l**2 + 2*l + 7. Let m be (3 + (-11 - -3))*-2. Let i be m/15*3*-3. Determine v(i).
-5
Let j be ((-1 - 1) + 3)*4. Let o(q) = -j - 2*q + 3*q - 2. Let p = -153 - -159. Determine o(p).
0
Suppose 3*k - 3 = 2*j, -5*k + 13 = -2*j - 0*j. Let s = j - 1. Let a(t) = t**2 - 4*t - 5. Give a(s).
0
Let x(j) be the first derivative of -j**2/2 - 8*j + 92. Determine x(-5).
-3
Suppose 5*c = -5*w + 35, -4*c = c - 20. Let t(p) be the first derivative of -3/2*p**2 + 0*p + 5. Calculate t(w).
-9
Let j(c) = c**3 + 6*c**2 - 6*c + 4. Suppose -2 = l - 5*m, 19*m = -3*l + 23*m - 17. What is j(l)?
-3
Let c(y) = y**2 - 13*y + 30. Let l be c(8). Let p(d) = -3*d - 10. Determine p(l).
20
Let p(g) = 9*g**3 + g**2 - 2*g + 3. Let a be p(2). Let b = -67 + a. Let i(h) = 8*h**2 - 1 - h**3 + 0*h**2 - 2. What is i(b)?
-3
Let j(m) be the second derivative of 0 - 1/20*m**5 - 6*m + 1/24*m**4 + 2/3*m**3 + 0*m**2. Let i(o) be the second derivative of j(o). Give i(3).
-17
Let j(g) = -12*g**3 - g**2 + g + 1. Let z(t) = -t**3 + 19*t**2 + 44*t - 43. Let h be z(21). Give j(h).
11
Let c be (-74)/(-5) - (708/60 + -11). Let s(m) = -m**2 + 14*m + 2. Calculate s(c).
2
Let v(u) be the first derivative of -u**4/12 + 5*u**3/6 + 2*u**2 - 6*u - 3. Let z(w) be the first derivative of v(w). Determine z(6).
-2
Let m(a) = 0 - 2*a + 8 + 3*a - 1. Suppose -3*j + 4*o = -j - 8, 3*j = 5*o + 10. Let z be j*(-1 - 0/(-2)). Calculate m(z).
7
Let p(t) = 2*t**2 - 18*t + 10. Let j = 916 - 908. What is p(j)?
-6
Let p(n) = -n**2 + 0 + 3*n**3 + 1 + 7*n**3. Suppose -3 = -i - 2. Give p(i).
10
Let a(b) = -2*b**2 + 14 - 6 - 1 - 5 - b. Let l be (-38)/(-10) + (-1)/(-5). Suppose 2*x = 2*s - 6, x = l*s - 2*s - 4. Calculate a(x).
-4
Let w(l) be the third derivative of l**6/120 + 11*l**5/60 + l**4/12 + 2*l**3 - 238*l**2. Determine w(-11).
-10
Let w(y) = 19*y - 6. Let m be 0 - (-3 + 5) - -15. Let r(d) = -9*d + 3. Let k(t) = m*r(t) + 6*w(t). Determine k(4).
-9
Let b(c) = -c**3 - 2*c**2 - c + 1. Let a be b(-2). Suppose 0 = -4*t - g - 18, -2*g + a = 3*t + 19. Let d(o) = o + 2. Give d(t).
-2
Let m(a) = a**3 - 6*a**2 - 4. Suppose 3*x = -0*x + 12. Suppose 3*d - x*d = -4*r + 10, 0 = -2*r + 8. Calculate m(d).
-4
Let n(h) be the third derivative of h**8/6720 + h**7/210 + h**5/60 + 29*h**4/12 + 37*h**2. Let l(v) be the second derivative of n(v). What is l(-12)?
2
Let h(z) = z**3 + 6*z**2 - 6*z + 5. Suppose 8*p - 5*p = 201. Let n = -74 + p. Give h(n).
-2
Suppose -112 + 48 = -4*z + 3*m, -5*m = -2*z + 18. Let r(j) = 7*j**2 + 4 - z*j**2 + 2*j - 2 - 1. Determine r(-1).
-13
Let j(q) be the first derivative of -q**5/20 + 7*q**4/12 - 7*q**3/6 - 3*q**2 + 3*q + 10. Let y(b) be the first derivative of j(b). Determine y(6).
-12
Let t be ((-48)/30)/(-1)*5/2. Let a(u) = u**3 - 5*u**2 + 4*u + 2. What is a(t)?
2
Let p be (3/(-10))/(18/(-10)). Let a(q) be the second derivative of -1/2*q**2 - 5*q + p*q**3 + 0. Determine a(-5).
-6
Suppose 3*r - 5*i - 43 = 0, 4*r - 3*i = 38 + 23. Let m(y) = -r*y - 17*y + 32*y. Let k be (0 - -1) + -3 + -1. What is m(k)?
3
Let z = -1 - -13. Suppose 5*t - z = -a - 1, -a = -t + 13. Let n(o) = -o**2 - 10*o - 9. Give n(a).
0
Let s(z) = 7*z**2 - 35. Let d(q) = 3*q**2 - 17. Let w(y) = 9*d(y) - 4*s(y). Give w(0).
-13
Suppose -9*l + 56 = -l. Let t(g) = l*g + g + g - g. Give t(2).
16
Let g = -21 + -14. Let v = -32 - g. Let c(r) = 26*r**2 - 9 - 20*r**2 + 3 - 5*r**v + 4*r**3. What is c(6)?
-6
Suppose 20*o = 244 - 224. Let n(t) = 28*t. What is n(o)?
28
Let r(s) = s**2 - 7*s + 5. Let l be (-1 + 1 + 6)/1. Let h(p) = 4*p - 14. Let w be h(l). Suppose 3*c - w = c. What is r(c)?
-5
Let n(g) = -29*g**3 + 1. Let o(a) = 4*a**2 - 8*a - 2. Let z(v) = -11*v**2 + 23*v + 7. Let r(d) = -8*o(d) - 3*z(d). Let i be r(6). Give n(i).
-28
Suppose -31*l + 7*l = 3*l. Let p(i) = -i + 37. Give p(l).
37
Let f(q) = -q**2 + q + 2. Let k be (0 - 1)*(90 + -86). Determine f(k